8 = 52. Let f = 26 - q. List the prime factors of f.
3, 11
Let c be ((1 + 1)/2)/(1/(-106)). Let h = 180 + c. What are the prime factors of h?
2, 37
Let k(f) = -f + 27. Let o be k(25). What are the prime factors of 171/6*16/o?
2, 3, 19
Suppose 318 = 5*x + 3*y - 596, -192 = -x + 4*y. Suppose s = 4*b + 5*s - 676, 0 = -b + 2*s + x. List the prime factors of b.
2, 3, 29
Suppose -895*n - 10408 = -903*n. What are the prime factors of n?
1301
Let u be 16/14*(-70)/(-20). Suppose -4*i + 1176 = u*i. Suppose i + 145 = 4*g. What are the prime factors of g?
73
Suppose -3*i + 2*i = 5*m - 11, 3*i + 27 = 5*m. Suppose -220 + 4 = -3*q + m*y, -q + 57 = 4*y. What are the prime factors of q?
3, 23
Suppose 6 = -2*g + 3*r - 5, 20 = -4*g + 4*r. Let k be (-1)/(-4) - (-153)/g. Let p = 54 + k. What are the prime factors of p?
2
Suppose 11*i + 23 = 89. Let w(k) = 22*k + 29. List the prime factors of w(i).
7, 23
Suppose 40*g - 9*g - 40889 = 0. What are the prime factors of g?
1319
Let g be (-2 + 2)*12/24. Suppose g = 2*a - 42 - 116. What are the prime factors of a?
79
Let p be (-4 - (-2)/1) + 30. Suppose p + 14 = j. Let w = j - 2. What are the prime factors of w?
2, 5
Let a(t) = t**3 - 4*t**2 - 5*t + 5. Let i be a(5). Suppose i = 3*m - n, 4*m - 3*n = -m + 3. List the prime factors of m.
3
Let w = 14 + -37. List the prime factors of (w/3)/(1/(-3)).
23
What are the prime factors of ((-290)/(-25) + -12)*1*-5?
2
Let v = 2683 - 1070. What are the prime factors of v?
1613
Suppose -3 = -x - 1. Suppose -x*r + 48 = -0*r. What are the prime factors of r?
2, 3
Let n = 1112 + -780. Suppose 0 = -4*s - 3*i + n, -5*s + 4*i = -i - 380. What are the prime factors of s?
2, 5
Let t be (0 + 3)*(-6)/(-9). Let d be (t - 3)/((-1)/12). Suppose 4 - d = -4*r. List the prime factors of r.
2
Let u(d) = d**3 - 2*d**2 - d - 4. Let n be u(3). Suppose -c - n*c = -2*k - 349, 3*c = 4*k + 359. What are the prime factors of c?
113
Let w(z) = -2*z**3 - 12*z**2 + 11*z + 36. What are the prime factors of w(-8)?
2, 3, 17
What are the prime factors of (-8 + -4 - -7) + 154 + 1?
2, 3, 5
Let l = 1056 + -727. List the prime factors of l.
7, 47
Suppose 77*a - 83*a = -4128. List the prime factors of a.
2, 43
Let r be 1*(1 - 1*2). Let v = -248 + 220. List the prime factors of 2 - r - v - 0.
31
Suppose -20 = -4*m, -c - m = -0*c + 279. Let u = -155 - c. List the prime factors of u.
3, 43
Suppose -2*t = f + 3*t + 81, -f - 3*t = 89. Let x = f - -185. List the prime factors of x.
2, 3, 7
Let u = -593 - -830. List the prime factors of u.
3, 79
Let s(p) = 7*p**2 - 6*p - 9. Let c(u) = 13*u**2 - 13*u - 19. Let f(h) = 6*c(h) - 11*s(h). What are the prime factors of f(-7)?
2, 59
Let b be (-48)/(-6) + -1 + 3. Suppose -3*y - 6*n + 2*n - 20 = 0, 0 = -y + 2*n + b. Suppose y*m - 30 = -3*m. What are the prime factors of m?
2, 5
Suppose 10 = 5*f + s + 4*s, -2*s = -2*f + 4. Let z = f + 1. Suppose -z*d + 32 = -55. List the prime factors of d.
29
Let g(a) = 2*a**2 + 5*a + 2. Let i be g(-3). Suppose -161 = -i*o + 254. What are the prime factors of o?
83
Let p(i) = 90*i**2 - 38*i + 3. What are the prime factors of p(-4)?
5, 11, 29
Let d = -2146 - -3611. What are the prime factors of d?
5, 293
Suppose 0 = 2*m + 3*m + 90. What are the prime factors of (506/(-33))/(1/m + 0)?
2, 3, 23
Let k(v) = v**3 - 4*v**2 - 5*v + 24. Let i(l) = -l**3 + 2*l**2 + 2*l - 12. Let f(h) = 5*i(h) + 2*k(h). List the prime factors of f(-4).
2, 53
Let o(t) = -6*t**3 - 2*t**2 + 1. Let h be o(-2). Let v = -115 - -94. Let p = v + h. What are the prime factors of p?
2, 5
Suppose 11*k = 14*k + o - 2215, -4*k = -3*o - 2975. List the prime factors of k.
2, 5, 37
Suppose 0 = 16*k - 12*k + 20. Let r(l) = -l**2 - 7*l - 5. Let j be r(k). Suppose 0*y + 5*g = -2*y + 145, j*y - 4*g - 313 = 0. What are the prime factors of y?
5, 13
Suppose 7*k - 24 = 67. Let w(x) = -x**2 + 20*x - 19. What are the prime factors of w(k)?
2, 3
Suppose 1584 = -s + 9*s. Suppose 0 = 5*n + 393 - 143. What are the prime factors of 1/(s/n + 4)?
5
Suppose 0 = 2*j - 4*j - 48. Let q = j + 94. What are the prime factors of q?
2, 5, 7
Let p = -11 - -24. Let h = 158 + p. List the prime factors of h.
3, 19
Let o = 102 + -99. What are the prime factors of (1224/(-4))/(-5 + o)?
3, 17
Suppose 5*z + 82 = 3*d, -5*d - 29 + 183 = -4*z. List the prime factors of d.
2, 17
Suppose -3*h - 50 = -8. Let u(n) = -9*n + 8. Let s be u(6). Let y = h - s. List the prime factors of y.
2
Let l = -1410 + 1864. List the prime factors of l.
2, 227
Suppose -91*h + 85*h + 8892 = 0. List the prime factors of h.
2, 3, 13, 19
Let l(b) = b**3 - 6*b**2 - 2*b - 10. Let g be -1 + 26/2 + 2. Suppose -3*u = 4*p - 25, -4*u - p = -15 - g. What are the prime factors of l(u)?
5
Suppose -a + 3*g = -123, -5*a = -0*g - 2*g - 667. List the prime factors of a.
3, 5
Suppose 0*c - c = -4*h - 85, 2*h = -3*c + 199. Suppose -3*i - 37 = -k, 31 = 5*k + 2*i - c. List the prime factors of k.
2, 11
Let y = 1980 + -1348. What are the prime factors of y/15 - 7/((-420)/(-8))?
2, 3, 7
Let k(v) = -8*v**2 - 1 + 11 + v**3 + 11 + 0 + 6*v. List the prime factors of k(9).
2, 3, 13
Let t be (76/(-8))/(1/10). Let n = 170 + t. Let j = -45 + n. List the prime factors of j.
2, 3, 5
Suppose -608 - 85 = -5*a - r, 3*a - 4*r = 402. List the prime factors of a.
2, 3, 23
Let u = 268 - 122. Let v = u + -85. List the prime factors of v.
61
Let n(o) = 2*o**2 - 5*o**2 + 4*o**2 - 5 + 3*o - 11. Let u be n(-8). Suppose 3*b = 57 + u. List the prime factors of b.
3
Let h = -22 + -4. What are the prime factors of h/(-8) + -3 + (-956)/(-16)?
2, 3, 5
Let h = 46 + -48. List the prime factors of (-129)/(-4) + h/8.
2
Let v = -2239 + 4640. List the prime factors of v.
7
Let j(f) = f**3 - f**2 + 12*f + 2. Let o(a) = 2*a**3 + 13*a + 2. Let b(i) = -4*j(i) + 3*o(i). List the prime factors of b(3).
61
Suppose -3*v + 429 = 21. What are the prime factors of v?
2, 17
Let y(g) = 93*g**3 - 6*g**2 - g + 19. What are the prime factors of y(3)?
2473
Let c = -203 + 249. Let q(z) = 3*z. Let y be q(1). Suppose y*l - 23 = c. List the prime factors of l.
23
Let r(x) = 102*x - 2. Let n be r(9). What are the prime factors of 6/9 + n/12?
7, 11
What are the prime factors of ((-4815)/18)/((-1)/2) + -4?
3, 59
Let x(l) = 108*l**2 + 13*l - 17. List the prime factors of x(-5).
2, 7, 11, 17
Let k = -60 - -90. Suppose -3*y - 3*q = -12, q + 6 = y - 0. What are the prime factors of k/(-4)*(-8)/y?
2, 3
Suppose -f - 5*s + 192 - 736 = 0, f - 2*s + 572 = 0. Let h = -311 - f. What are the prime factors of h?
11, 23
Let s = -2526 - -3621. List the prime factors of s.
3, 5, 73
Suppose 0 = 4*x - w - 11, x + 3 - 1 = 5*w. Let n(k) = -k + 9. Let l be n(7). Suppose -11 = -2*r - 4*s - x, 4*s + l = -r. What are the prime factors of r?
2, 5
Suppose -5*l - 5*r - 360 + 1915 = 0, 4*l + r - 1256 = 0. What are the prime factors of l?
3, 5, 7
Let x be 2 - -3*(-777)/9. Let o = x + 391. What are the prime factors of o?
2, 67
Let c(g) = -9*g + 27. Let y be c(4). Let n(d) = -2*d**2 - 21*d - 15. What are the prime factors of n(y)?
2, 3
Let u(o) = 3*o**2 - 2*o + 1. Let j be u(1). Suppose 4*n - 2*x - 288 = 0, j*n + 2*n = -x + 288. List the prime factors of n.
2, 3
Let d be 10/(-50) - 1/(-5). Suppose -5*f - 496 = -4*g, d = 3*g - 2*f + 4*f - 349. List the prime factors of g.
7, 17
Suppose 16*o + 3243 = 4*k + 11*o, 5*o + 4055 = 5*k. List the prime factors of k.
2, 7, 29
Let w(t) = -25*t + 124. What are the prime factors of w(-5)?
3, 83
Let z = 301 + 167. Let h = -322 + z. List the prime factors of h.
2, 73
Suppose 389 = 11*l - 13130. List the prime factors of l.
1229
Suppose 20*b - k + 150 = 21*b, -4*b = -4*k - 576. List the prime factors of b.
3, 7
Let l = 88 - -628. Suppose 0 = -3*d - d + l. List the prime factors of d.
179
Let c(q) = 13 - 39*q - 2 + 11. List the prime factors of c(-2).
2, 5
Suppose -6*a - 600 = -11*a. Suppose -5*p + 8*p = a. Let v = 70 - p. What are the prime factors of v?
2, 3, 5
Let r(i) = -22*i**3 + i**2 - i. Let y be r(1). Let k = y + 38. What are the prime factors of k?
2
Let f(l) = 3*l**2 - 36*l - 78. List the prime factors of f(18).
2, 3, 41
What are the prime factors of 8018/10 + (-6 + 0)/(-30)?
2, 401
Suppose -4*q = -10*q + 978. List the prime factors of q.
163
What are the prime factors of (-50)/(-50) + 2144/2?
29, 37
Let n(m) = m**3